46
Evaluate 219 + -210 + (-15 - -3) + 85 + (-2 - -3).
83
What is the value of -14 - ((-8 - (3 + 3)) + -14 - 9)?
23
-3 - (-2 + -1) - (275 - 260)
-15
-175 - ((12 - (-10 - -46)) + -21)
-130
What is -7 + -10 + 26 + -13 + (6 + -43 - 4)?
-45
Evaluate (1 - -7) + (12 - -4) + (27 - 21) + -74.
-44
Calculate (10 - -25) + 639 + -619.
55
Calculate (-2 - -8) + 52 - ((-5 - -7) + (0 - 7)).
63
Calculate 1 + -44 + -47 + 14 + 15 + 30.
-31
What is the value of 24 + (-67 - (1 - 13)) + -10?
-41
What is 8 - ((-50 - -54 - (7 - 1)) + (-65 - 8))?
83
What is (8 - -2) + (7 - 18 - 35)?
-36
What is -10 + -8 + 2 + (-8 - -18) + -1 - -53?
46
Evaluate 98 - (49 - -22) - 3.
24
What is the value of (-2 - -4) + (-8 - 0) - (-253 - (196 + -385))?
58
(-3 - -5) + -1 - -3 - 14 - 6
-16
What is the value of 21 - (-42 - (-53 - 5 - -24))?
29
What is (114 - 1) + (233 - 291)?
55
Calculate 2 - ((69 - 74) + 0 + 7) - (98 + -28).
-70
What is the value of -32 + (-19 - (-14 - 26 - -19))?
-30
What is the value of (-3 - (4 - -15)) + (85 - 119)?
-56
Evaluate (-5 - -15) + 24 + -15 + 10 + -9.
20
Evaluate 11 + 37 - (7 + -1 - -15).
27
Evaluate 39 + 42 + -27 - (-18 + 2) - 19.
51
Calculate (-33 - -40 - -43) + (7 - 14).
43
Evaluate 42 - (57 + (-5 - 4)).
-6
13 - ((-224 - -215) + (2 - (-2 + -1)))
17
What is 16 + -3 + 2 + -3 + (1 - 1) + -7?
5
6 + 5 + -3 + (47 - 21)
34
Evaluate -70 - -26 - 20 - -50.
-14
1 + 2 - -1 - (-6 + (-2 - -6 - 20))
26
38 + (2 - (68 + -65 + 29))
8
What is the value of 1 + 11 + 1 - (-99 + (-4 - -141))?
-25
What is the value of (-22 - (0 - -18)) + 82?
42
What is the value of -35 - (22 + (-157 - (-44 - -16)))?
72
Calculate 5 + (5 - (-14 - -49) - -28).
3
What is the value of (91 + -92 - 30) + -41 + 7?
-65
What is 100 + 3 + (-3 + 2 - 22) + 1?
81
What is -19 + -11 - (-139 + 32) - -5?
82
What is the value of -102 + -5 + 97 + -42?
-52
Evaluate (26 - (0 - 16 - -29)) + 30 + 5.
48
What is the value of -2 + 0 + 3843 + -3854?
-13
Evaluate 68 + (71 + -51 - 14).
74
What is the value of -131 - (28 + 54 - 121)?
-92
Evaluate 84 + (-143 - -73 - -50).
64
What is the value of (-28 - -33) + (-3 - 4) + -7 + (-11 - -45)?
25
Calculate -12 + (43 - (54 - (8 - -15))).
0
(-3 - -6 - 4) + -1 + (104 - 53)
49
Evaluate (0 - -111) + -1130 + 1056.
37
What is 9 - ((-16 - -45) + (18 - 28))?
-10
What is (3 + 0 - (37 - -23)) + (11 - (-7 + 16))?
-55
Calculate -48 - (-88 + (23 - 115)).
132
-12 + (0 + -33 - (-21 - -1))
-25
What is (-3 - (2 + 0)) + (-257 + 174 - -71)?
-17
What is 29 + -2 + (2 - 1) + (-56 - -52)?
24
What is the value of -13 + (-36 - -29) + 16 + 55?
51
What is 33 + (-33 - (-42 + 20))?
22
Calculate -11 + -29 - (-22 + 0) - -48.
30
(105 - 129) + (2 - -8) + 2 + -1
-13
Evaluate 16 - (-1 + (80 - 6)).
-57
What is 45 + (21 - (-70 - -72))?
64
147 - 138 - (0 + 47 + 2)
-40
Calculate -1 - -43 - (19 - (8 + 0 + (32 - 15))).
48
What is 16 + (7 - (-4 + 15)) + 33?
45
Evaluate 150 + (-6 + -43 - -9) - 6.
104
What is the value of (3 - -73) + -31 + (-37 - -48) - (-1 - -7)?
50
What is the value of 184 + (18 - 95) + -69?
38
Calculate (2 - -77 - (6 - -1 - -1)) + -5 + 16.
82
Evaluate (12 - (47 - 20)) + 3 + 0 + 3 - 15.
-24
Calculate -68 - (13 - (2 - -64)).
-15
Calculate -35 + (8 - -21) - 23 - 101.
-130
Evaluate -17 + 40 + (-28 - -10) + (0 - 2 - -44).
47
-1637 + 1683 + 6 + -6
46
What is the value of (-2 - (-21 + -1) - (-7 + -90 - -109)) + -9?
-1
What is the value of -67 - (14 + -8 + 15 - 14 - (7 + -3))?
-70
Evaluate (-124 - (-13 - 13)) + 5.
-93
What is 84 + -61 - (4 - 2) - -34?
55
Calculate 94 - (-20 + 44 - 9 - 7).
86
What is the value of 92 - 1 - (16196 - 15979)?
-126
What is -33 - (9 - 34) - (-20 - (4 + -3))?
13
-21 - (-41 + 12) - 24 - 8
-24
What is -2 + -79 + (141 + -88 - 72)?
-100
What is -34 + (-2 - -35 - (-205 + 229)) + 1 + -10?
-34
Calculate -2 + (8 - 26) + 16 + (-17 - (-10 + -2)).
-9
-8 + 5 + 0 - -6 - ((-77 - -17) + 100)
-37
What is the value of (-101 - -33 - -59) + 37?
28
What is the value of 2 + -2 + 4 - (-518 + 509)?
13
176 - 187 - (-41 - (6 + 2 + -5))
33
Evaluate -11 - (-6 + -7 + -2 - -13) - -14.
5
Calculate (12 - 25) + -2 - -2 - (22 - 2).
-33
-3 + (-2 - 0) - (10 + 33)
-48
What is (-10 - 3) + 4 - (-36 - (-1 - -5) - 6)?
37
Evaluate 243 + -325 - (4 + -19).
-67
(-24 - (-9 + 4)) + 35 - (-6 + 0)
22
Calculate -77 - ((107 - 133) + -2).
-49
-52 - (7 + -49) - (-2 + 3 + 3 + -27)
13
-103 - -45 - ((-35 - 16) + 1)
-8
What is the value of 2 - 50 - (11 + -14 + 5)?
-50
Calculate (2 - 8) + (36 - (-44 - -52)).
22
-57 + -4 - -2 - ((0 - 37) + 53)
-75
11 - ((14 - (37 + -11) - 8) + 113)
-82
What is the value of 6 + (2 - (11 - -9)) - (-32 + -3)?
23
Calculate -54 + -66 + 217 - 17.
80
Evaluate -7 + (13 - 57) - -60.
9
What is (-60 - 9 - -68) + -46?
-47
What is 33 - 70 - (13 + -1 - -45)?
-94
What is 45 + (17 + -53 - 11) + 14?
12
Evaluate 81 + (0 - 1) - (29 + (30 - 64 - -12)).
73
Evaluate (37 - 23) + (9 - -2 - 20 - (1 + 97)).
-93
What is the value of 4 + 67 + -106 + 38?
3
What is the value of 20 + -28 + 15 + -21 + (1 - -4)?
-9
Evaluate 17 - 0 - ((32 - 4) + -22) - (27 + -79).
63
What is the value of 6 + -1 + -2 + -98 + 90 - 21?
-26
What is -546 - -549 - ((-1 - -4) + -4 + 10 + 17)?
-23
What is the value of 65 - (-28 + (55 - 38))?
76
(-82 - (-11 - (16 + -12)) - 4) + 5 + 1
-65
What is the value of (0 + -3 - -5) + 42 + -45 + 25 + -29?
-5
1 - (4 - ((3 - 12) + (-3 - (-2 + -9))))
-4
Calculate (-82 - -84) + (7 - 1) - (-80 - (26 - 21)).
93
Evaluate -1 + 50 + -10 + -21 - 55.
-37
(-15 - (-7 + 9 + -20) - -45) + 3 + 4
55
(-5 - 0) + 7143 + -7077
61
Evaluate (23 - 2 - (359 - 357)) + -11.
8
Calculate -43 + (9 - 7) + -5 + (4 - 3 - 5).
-50
Calculate -97 + (62 - 13) + 8.
-40
Calculate 5 + -7 + 10 + 0 - (57 - -5).
-54
What is -3 - (21 + (13 - 33))?
-4
What is -7 - (-46 - (-12 - 73))?
-46
What is (6 - (-32 + 16)) + -89?
-67
What is (229 + -21 - 194) + 0 + -1?
13
What is 76 - (91 + -131) - 126?
-10
What is the value of 57 + (-36 - (-1 + 9)) + 42?
55
2 - -3 - (-2 + (-15 - (-26 - 11) - -11))
-26
Evaluate (13 - 3) + -1 + -18 + -7 - -6.
-10
What is the value of -6 - 37 - -2 - (-16 - (-12 + 7))?
-30
Calculate (-4 - -1 - (-11 - (12 + -27))) + 57.
50
What is the value of 14 + 0 + (-16 - -2) + 42?
42
3 + ((10 - 2) + 4 - (8 - 1))
8
3 + 11 + -23 + 9 + 6
6
What is 20 - (3 + -23 + 6 + 6 - (-3 - -3))?
28
Evaluate 77 + -34 + -56 + 91 + 12 + -1.
89
What is the value of (1 - 4) + 18 + (-138 - -148)?
25
What is the value of -6 - (-20 + 31 + (5 - -69) - 12)?
-79
-1 + 0 - 2 - (-111 - -39 - -73) - -2
-2
What is the value of -3 + (62 + (-23 - -12 - -25) - (-8 - -1))?
80
(13 - (39 + -23)) + (-6 + 11 - 0)
2
Evaluate 58 - (8 + (21 - (8 - -7))).
44
Calculate 38 + (-94 + 21 - -88).
53
21 - 9 - 47 - -19 - -17
1
What is -3 + -62 + -17 + 31?
-51
What is the value of (-62 - (-6 - (-8 + 0))) + (35 - 34)?
-63
Evaluate -5 + ((42 - 1) + 5 - (10 - (14 + -4))).
41
What is the value of 194 - ((13 - -2) + 118)?
61
What is the value of (-40 - 3) + -285 + 311?
-17
What is 0 + 12 + (142 - 186) + (6 - -12) + -41?
-55
82 - (176 - (109 + -28))
-13
17 - (-41 + -51 + 80)
29
(2 - ((-2 - 0) + -2)) + (66 - 143 - -119)
48
126 - (23 + (14 - (-18 + 37)) + 1)
107
-59 + -83 + 32 + 111
1
What is (1 - (-2 - 2)) + -18 - (-27 + -5 + 32)?
-13
Calculate -94 + 36 + -19 + (-3 - (7 + -3 + -6)).
-78
Calculate 56 + (-5 - 6) + 8 + (0 - -2) + -4.
51
What is 53 + (-83 - -60) + 7?
37
Evaluate 305 - 207 - 186 - (-1 + 2 + 0 - 2).
-87
What is the value of -29 - (2 + -4) - (208 - 282)?
47
(28 - 69 - 14) + 103
48
Calculate -14 - (26 + -103 - -24).
39
Evaluate (80 - 10) + -56 + -59.
-45
What is the value of -5 + -2 + ((56 - 26) + -23 - (16 + 0))?
-16
What is the value of 20 + -29 + (13 - -42 - (12 + -5)) + 4?
43
Evaluate 24 - (66 - -52 - 51).
-43
What is 85 + ((-3 - 1) + 7 - (-4 + 5 - 6))?
93
What is 10826 + -10959 - (-66 + 1)?
-68
Calculate 61 + (120 + -74 - 14).
93
Calculate -13 + (-2 - (1 - 4 - -1)) - (2201 + -2221).
7
Calculate (-94 - -46) + (47 - 42).
-43
45 + (-116 - (-89 + 2))
16
Calculate 9 + -37 + (16 - -13) - 65.
-64
Calculate 3 + 0 + -47 - 11 - -24.
-31
What is the value of 20 + (-11 - (-18 - -11 - -34))?
-18
What is the value of -100 + -367 + 351 + (1 - -2)?
-113
Calculate -19 - ((-24 - -1) + 8 + 26).
-30
(-173 - -164 - (14 + -1)) + 59
37
Evaluate -2 + (1 - -20) + (0 + 45 - (1631 + -1583)).
16
-234 + (-68 - -194) + -6
-114
What is -28 + -1